18. Give u(3).
-117
Let s(g) = g**3 - g**2 - 13*g - 19. Determine s(-3).
-16
Let l(y) = -2*y**2 - 27*y + 45. Determine l(-16).
-35
Let a(c) = -c**2 + 6*c. Calculate a(6).
0
Let j(y) = -4*y + 33. Calculate j(17).
-35
Let k(o) = -o**2 + 3*o - 5. What is k(8)?
-45
Let i(t) = -4*t + 4. Determine i(-4).
20
Let j(r) = -11*r**2 + 12*r - 1. Give j(2).
-21
Let w(g) = -12*g**3 - g**2 - 5*g - 5. Give w(-1).
11
Let z(t) = -8*t. Calculate z(2).
-16
Let f(t) = -18*t - 188. Determine f(-11).
10
Let a(l) = l**2 - 8*l - 2. What is a(8)?
-2
Let q(k) = -2*k + 13. Calculate q(7).
-1
Let h(x) = 6*x + 30. Calculate h(9).
84
Let b(v) = -v**2 - 10*v + 20. Give b(-12).
-4
Let z(b) = 100*b + 188. Calculate z(-2).
-12
Let y(q) = -q**2 + 44*q + 95. What is y(46)?
3
Let s(i) = i**3 + 3*i**2 + 4*i + 2. Determine s(-3).
-10
Let l(i) = -6*i**2 + 5*i - 4. Determine l(1).
-5
Let a(z) = 5*z - 28. Determine a(5).
-3
Let v(z) = -z**3 + 53*z**2 + 110*z + 15. Give v(55).
15
Let x(p) = -12*p + 2. Determine x(2).
-22
Let z(d) = 2*d - 1. Determine z(-7).
-15
Let n(h) = -47*h + 193. What is n(5)?
-42
Let t(n) = -14*n + 9. What is t(2)?
-19
Let u(t) = 4*t + 1. Determine u(-2).
-7
Let h(n) = -8*n + 181. Determine h(22).
5
Let a(b) = -b**2 - 20*b + 18. Give a(-21).
-3
Let m(s) = s**2 - s - 12. Determine m(-6).
30
Let m(t) = -t**2 + 17*t - 18. What is m(17)?
-18
Let c(f) = f**2 + 7*f - 1. Determine c(-6).
-7
Let h(a) = 2*a**3 + 3*a**2 + 3. Give h(-4).
-77
Let z(g) = -12*g - 16. What is z(5)?
-76
Let t(c) = -3*c**2 + 4*c + 1. Calculate t(3).
-14
Let s(b) = b**3 - 13*b**2 + 24*b - 11. Calculate s(11).
11
Let d(q) = 2*q**2 + 12*q + 7. What is d(-7)?
21
Let f(j) = -j**3 - 10*j**2 - 11*j + 6. Give f(-9).
24
Let x(r) = -r - 14. What is x(0)?
-14
Let p(r) = 4*r**2 + r - 9. Determine p(-2).
5
Let s(l) = l**3 - 7*l**2 + 3*l + 14. Determine s(6).
-4
Let i(b) = -6*b + 203. Give i(34).
-1
Let j(w) = -w**3 + w + 123. Determine j(0).
123
Let j(t) = -4*t + 15. Give j(1).
11
Let q(d) = 2*d**2 + 25*d + 15. What is q(-11)?
-18
Let t(q) = 48*q**3 + q**2. Give t(1).
49
Let c(k) = 27*k**2 + 32*k + 2. Calculate c(-1).
-3
Let w(i) = 24*i**2 - i + 1. What is w(1)?
24
Let w(m) = -m**3 - 6*m**2 - 4*m - 158. What is w(-8)?
2
Let m(o) = o**3 + 4*o**2 + 6*o - 8. What is m(-4)?
-32
Let f(q) = -q**2 + q - 3. Calculate f(-3).
-15
Let n(t) = t**3 + 10*t**2 - 2*t - 13. Calculate n(-10).
7
Let i(x) = 2*x**3 - 7*x**2 + 2*x - 7. Determine i(3).
-10
Let q(c) = 12*c + 16. Determine q(-5).
-44
Let x(w) = w**3 - 12*w**2 + 11*w + 25. Give x(11).
25
Let z(t) = -2*t**2 - 10*t - 11. Determine z(-6).
-23
Let o(n) = -n**2 + 3*n + 13. Calculate o(7).
-15
Let h(l) = -l**3 - 5*l**2 - 6*l. Calculate h(-3).
0
Let a(t) = -15*t - 11. Calculate a(-2).
19
Let d(u) = 34*u**3 - 3*u**2 - 3*u. What is d(-1)?
-34
Let o(c) = 7*c - 1. Determine o(2).
13
Let s(c) = 5*c + 2. Calculate s(-3).
-13
Let c(f) = -21*f - 487. Calculate c(-23).
-4
Let z(q) = -q**2 + 28*q + 80. What is z(31)?
-13
Let b(f) = -f**2 - 7*f - 17. Determine b(-7).
-17
Let l(y) = -29*y**2 + 2*y + 2. Give l(-1).
-29
Let s(f) = f**3 - 7*f**2 - 6*f - 11. Calculate s(8).
5
Let n(c) = -3*c**2 + 11*c - 9. Give n(8).
-113
Let q(h) = -h**2 + 5*h - 5. Calculate q(6).
-11
Let h(n) = 6*n - 13. What is h(8)?
35
Let l(a) = 2*a**3 + 5*a**2 - 5*a - 4. Give l(-3).
2
Let g(w) = 5*w**2 - 13*w - 1. Give g(3).
5
Let w(u) = -15*u - 70. What is w(-9)?
65
Let s(h) = 130*h**2 - h - 1. Give s(-1).
130
Let s(l) = -l**3 - 12*l**2 - 26*l + 50. Calculate s(-8).
2
Let i(w) = 20*w**3 + w**2 - w - 1. Give i(-1).
-19
Let h(b) = -64*b**3 + b. What is h(-1)?
63
Let c(o) = -o**2 + 18*o + 46. What is c(23)?
-69
Let t(p) = -p**3 - 16*p**2 + 2*p + 42. Calculate t(-16).
10
Let c(v) = -v**3 + 8*v**2 - 16*v + 7. What is c(5)?
2
Let k(w) = 4*w**2 + 1. Calculate k(-1).
5
Let x(c) = 5*c + 1. Calculate x(2).
11
Let t(k) = -4*k. Calculate t(10).
-40
Let w(h) = 3*h**3 + 2*h**2 + 1. Calculate w(2).
33
Let p(b) = -b**3 - 13*b**2 - 3*b - 45. Give p(-13).
-6
Let w(r) = 2*r - 13. What is w(6)?
-1
Let q(w) = -w**2 + 12*w + 15. Calculate q(11).
26
Let d(b) = b**3 + 2*b**2 - 7*b - 8. Determine d(4).
60
Let y(j) = 7*j**3 - 2*j**2 + 4*j - 5. Determine y(2).
51
Let n(p) = -2*p**2 + 37*p - 15. What is n(18)?
3
Let x(f) = -f**2 - 16*f + 6. Determine x(-14).
34
Let o(m) = 6*m**2 - 37*m + 5. Determine o(6).
-1
Let z(c) = -5*c**2 - 26*c - 1. Give z(-5).
4
Let u(s) = 22*s - 12. Give u(-4).
-100
Let r(y) = -2*y**2 + 9*y + 59. Give r(-4).
-9
Let p(j) = -5*j**2 - 16*j - 13. What is p(-1)?
-2
Let y(b) = -b**3 - 9*b**2 + b + 4. Give y(-9).
-5
Let o(f) = f**2 - 8*f - 9. Determine o(9).
0
Let c(a) = 3*a**2 + 30*a + 3. Give c(-10).
3
Let j(v) = -3*v**3 - 3*v**2 - 3*v - 3. Determine j(-2).
15
Let j(n) = -n**2 + 97. Give j(-11).
-24
Let a(k) = 36*k**2 - k - 3. Calculate a(2).
139
Let p(r) = r**2 + 7*r + 7. Give p(-4).
-5
Let n(p) = p**3 + 5*p**2 + 3*p + 9. Calculate n(-5).
-6
Let o(q) = -q**3 + 6*q**2 - 13*q + 5. Determine o(5).
-35
Let a(g) = 7*g - 26. Give a(-8).
-82
Let f(w) = w + 46. Give f(-7).
39
Let u(r) = -3*r**2 + 6. Give u(-4).
-42
Let z(n) = -n**3 + 20*n**2 + 3*n - 28. Give z(20).
32
Let g(f) = f**3 - 6*f**2 - 3*f + 5. Give g(7).
33
Let l(f) = -2*f**2 + 42*f + 20. What is l(21)?
20
Let w(i) = -i**3 + 10*i**2 - 10*i + 15. Determine w(9).
6
Let c(m) = -3*m**3 - 3*m**2 + 3*m - 3. Determine c(-3).
42
Let j(p) = -p**3 + 16*p**2 + 17*p. Give j(17).
0
Let k(j) = 2*j**3 + 18*j**2 + 2*j + 1. Determine k(-9).
-17
Let m(l) = -15*l - 27. Give m(-8).
93
Let p(b) = -4*b**3 - 3*b**2 - 2*b + 1. Determine p(-1).
4
Let m(a) = -a**2 - 3*a + 17. Calculate m(-7).
-11
Let d(y) = y**3 + 4*y**2 - 4*y - 19. What is d(-4)?
-3
Let r(h) = -6*h - 12. Determine r(-3).
6
Let d(h) = -12*h**2 + 1. Calculate d(1).
-11
Let o(n) = -n**3 - 4*n**2 + n + 1. Determine o(-4).
-3
Let f(k) = 11*k + 48. Calculate f(-6).
-18
Let q(s) = 3*s + 3. Determine q(-1).
0
Let a(c) = c**2 - 6*c. Give a(4).
-8
Let r(t) = t**3 + 3*t**2 - 5*t + 7. Calculate r(-5).
-18
Let x(v) = -11*v - 10. Calculate x(5).
-65
Let s(n) = n**3 - 5*n**2 + 3*n + 14. What is s(6)?
68
Let p(y) = -4*y**2 - 3*y. Give p(-2).
-10
Let l(r) = 20*r + 3. Calculate l(-5).
-97
Let k(g) = -2*g**3 + 2*g**2 + 3*g + 1. Calculate k(3).
-26
Let m(f) = f**2 - 11*f + 10. What is m(12)?
22
Let k(i) = -i**3 + 14*i**2 + 16*i - 3. Calculate k(15).
12
Let d(a) = 63*a - 578. Determine d(9).
-11
Let n(v) = -v**3 + 5*v**2 + 25*v - 14. Determine n(8).
-6
Let n(g) = -g**2 - 20*g + 139. Calculate n(-25).
14
Let d(l) = l - 14. Calculate d(0).
-14
Let u(k) = 19*k + 1. Determine u(-1).
-18
Let s(c) = -c + 116. Calculate s(27).
89
Let t(r) = -r - 7. Determine t(-5).
-2
Let k(p) = -p**3 - 18*p**2 - 35*p + 6. Determine k(-16).
54
Let p(c) = -3*c**2 - 3*c + 9. Give p(-4).
-27
Let p(o) = o**3 + 12*o**2 + 13*o + 16. Determine p(-11).
-6
Let a(m) = -m**3 - 2*m**2 + 5*m - 1. Calculate a(-4).
11
Let r(a) = 3*a + 165. What is r(-56)?
-3
Let s(f) = -3*f + 9. Determine s(2).
3
Let k(c) = -c**2 + 13*c - 41. Calculate k(9).
-5
Let a(k) = -k**3 + 21*k**2 - 6. Calculate a(21).
-6
Let c(y) = -y**2 + 18*y + 6. Determine c(8).
86
Let l(z) = -18*z - 475. Give l(-27).
11
Let i(b) = b + 1. Determine i(-9).
-8
Let j(m) = -m**3 + 5*m**2 + m + 1. Calculate j(5).
6
Let b(a) = a**3 - 5*a**2 + 3*a. Calculate b(3).
-9
Let b(m) = m**2 - 7*m - 230. Determine b(-12).
-2
Let b(z) = -z + 8. Calculate b(2).
6
Let j(i) = 2*i**2 + 20*i + 47. What is j(-7)?
5
Let c(k) = 2*k + 1. Determine c(-5).
-9
Let l(t) = 2*t**2 - 102*t + 308. Calculate l(3).
20
Let p(q) = -7*q**2 - 101*q - 29. Calculate p(-14).
13
Let x(o) = o**3 - 5*o**2 - o - 26. Give x(6).
4
Let n(d) = -3*d**2 + 2*d + 1. Calculate n(-1).
-4
Let a(o) = -o**2 + o - 4. Calculate a(0).
-4
Let d(g) = -4*g**2 + 35*g - 12. Calculate d(11).
-111
Let b(p) = p**2 - 2*p + 3. Calculate b(0).
3
Let n(d) = -d + 32. Determine n(10).
22
Let g(v) = 3*v**2 + 5*v - 6. Determine g(2).
16
Let l(j) = 15*j**2 - 943*j - 131. Give l(63).
-5
Let s(a) = -a**3 + 10*a**2 - 14*a - 1. Determine s(8).
15
Let j(c) = -c**3 - 5*c**2 + 5*c - 13. Determine j(-6).
-7
Let h(y) = y - 3. Give h(-7).
-10
Let c(o) = -o**3 - 11*o**2 - 9*o + 9. Give c(-10).
-1
Let h(s) = -9*s + 2. Determine h(2).
-16
Let x(i) = i**3 - 6*i**2 - 4*i + 36. Determine x(6).
12
Let b(k) = k**3 - 13*